7
What is the millions digit of 4628643?
4
What is the hundreds digit of 21280946?
9
What is the hundred thousands digit of 209815?
2
What is the units digit of 30530842?
2
What is the thousands digit of 20779604?
9
What is the units digit of 608572?
2
What is the hundreds digit of 573696?
6
What is the hundred thousands digit of 2744477?
7
What is the thousands digit of 5986483?
6
What is the hundred thousands digit of 114646?
1
What is the hundreds digit of 3697599?
5
What is the millions digit of 2083345?
2
What is the thousands digit of 30354?
0
What is the thousands digit of 36015?
6
What is the units digit of 17782185?
5
What is the tens digit of 5139809?
0
What is the hundreds digit of 942572?
5
What is the millions digit of 37886122?
7
What is the hundreds digit of 309611?
6
What is the millions digit of 2318453?
2
What is the hundred thousands digit of 29415001?
4
What is the thousands digit of 176223?
6
What is the hundred thousands digit of 431687?
4
What is the thousands digit of 6777472?
7
What is the ten thousands digit of 1806401?
0
What is the tens digit of 18433188?
8
What is the ten thousands digit of 409056?
0
What is the hundreds digit of 112449?
4
What is the hundreds digit of 150973?
9
What is the hundreds digit of 60567?
5
What is the tens digit of 2712350?
5
What is the hundred thousands digit of 10605104?
6
What is the thousands digit of 2203413?
3
What is the units digit of 107673?
3
What is the tens digit of 10380593?
9
What is the hundred thousands digit of 1196688?
1
What is the ten thousands digit of 229240?
2
What is the thousands digit of 21587?
1
What is the tens digit of 499800?
0
What is the ten thousands digit of 1232286?
3
What is the units digit of 10816741?
1
What is the hundreds digit of 3617996?
9
What is the hundreds digit of 10624996?
9
What is the millions digit of 2811048?
2
What is the ten thousands digit of 1557949?
5
What is the ten thousands digit of 702456?
0
What is the tens digit of 2215322?
2
What is the tens digit of 713708?
0
What is the units digit of 301?
1
What is the units digit of 3034392?
2
What is the tens digit of 16415096?
9
What is the thousands digit of 1354270?
4
What is the hundreds digit of 489813?
8
What is the tens digit of 2853786?
8
What is the ten thousands digit of 9107875?
0
What is the ten thousands digit of 376656?
7
What is the units digit of 3503216?
6
What is the millions digit of 4468882?
4
What is the units digit of 6539743?
3
What is the hundreds digit of 192868?
8
What is the units digit of 8004100?
0
What is the hundreds digit of 365898?
8
What is the ten thousands digit of 89153?
8
What is the hundreds digit of 830317?
3
What is the ten thousands digit of 963588?
6
What is the thousands digit of 2398326?
8
What is the units digit of 3425?
5
What is the ten thousands digit of 55840?
5
What is the hundreds digit of 1176289?
2
What is the tens digit of 2641177?
7
What is the hundreds digit of 1116311?
3
What is the hundreds digit of 177542?
5
What is the units digit of 1106215?
5
What is the ten millions digit of 28696537?
2
What is the thousands digit of 15530192?
0
What is the units digit of 3495703?
3
What is the hundred thousands digit of 4044695?
0
What is the hundred thousands digit of 546120?
5
What is the tens digit of 847571?
7
What is the tens digit of 6736011?
1
What is the ten thousands digit of 10053945?
5
What is the hundred thousands digit of 2028573?
0
What is the hundred thousands digit of 4038954?
0
What is the hundreds digit of 1582473?
4
What is the hundreds digit of 180038?
0
What is the ten thousands digit of 1030978?
3
What is the tens digit of 4081600?
0
What is the hundred thousands digit of 3374811?
3
What is the tens digit of 934739?
3
What is the hundreds digit of 5161952?
9
What is the units digit of 724011?
1
What is the tens digit of 2575394?
9
What is the tens digit of 1550241?
4
What is the hundreds digit of 10307664?
6
What is the tens digit of 409166?
6
What is the units digit of 6550315?
5
What is the hundred thousands digit of 605615?
6
What is the units digit of 739046?
6
What is the units digit of 284721?
1
What is the units digit of 2008557?
7
What is the ten thousands digit of 123888?
2
What is the hundreds digit of 4085321?
3
What is the tens digit of 78802?
0
What is the thousands digit of 11132526?
2
What is the ten thousands digit of 1138959?
3
What is the units digit of 370629?
9
What is the hundred thousands digit of 888032?
8
What is the thousands digit of 74350?
4
What is the hundreds digit of 108300?
3
What is the units digit of 886140?
0
What is the thousands digit of 2615410?
5
What is the hundreds digit of 20935508?
5
What is the ten thousands digit of 342074?
4
What is the tens digit of 81185?
8
What is the ten thousands digit of 363656?
6
What is the hundreds digit of 3827537?
5
What is the hundreds digit of 765283?
2
What is the hundreds digit of 2685578?
5
What is the hundred thousands digit of 2877348?
8
What is the ten thousands digit of 17569428?
6
What is the thousands digit of 6005778?
5
What is the thousands digit of 523576?
3
What is the ten millions digit of 24121569?
2
What is the tens digit of 40529594?
9
What is the ten millions digit of 20990265?
2
What is the units digit of 4106096?
6
What is the hundreds digit of 2756663?
6
What is the hundred thousands digit of 877721?
8
What is the ten thousands digit of 242718?
4
What is the ten thousands digit of 13880115?
8
What is the millions digit of 3096845?
3
What is the hundred thousands digit of 1046114?
0
What is the units digit of 771843?
3
What is the units digit of 37553?
3
What is the ten thousands digit of 363773?
6
What is the ten thousands digit of 1346580?
4
What is the hundreds digit of 725967?
9
What is the tens digit of 6601468?
6
What is the thousands digit of 5151335?
1
What is the millions digit of 5453270?
5
What is the tens digit of 11915353?
5
What is the hundreds digit of 282373?
3
What is the units digit of 678045?
5
What is the hundreds digit of 6602123?
1
What is the tens digit of 1314542?
4
What is the millions digit of 1459889?
1
What is the millions digit of 4505936?
4
What is the hundred thousands digit of 798331?
7
What is the thousands digit of 11030733?
0
What is the hundreds digit of 823389?
3
What is the hundreds digit of 1329772?
7
What is the millions digit of 9651075?
9
What is the millions digit of 1419235?
1
What is the units digit of 517351?
1
What is the millions digit of 7265479?
7
What is the thousands digit of 5761506?
1
What is the hundreds digit of 5499792?
7
What is the units digit of 238566?
6
What is the thousands digit of 16282?
6
What is the ten thousands digit of 37269?
3
What is the millions digit of 1847266?
1
What is the hundred thousands digit of 526589?
5
What is the thousands digit of 5059436?
9
What is the units digit of 787105?
5
What is the hundred thousands digit of 5362555?
3
What is the tens digit of 87981?
8
What is the ten thousands digit of 2216115?
1
What is the hundreds digit of 5261129?
1
What is the units digit of 710684?
4
What is the thousands digit of 156787?
6
What is the hundreds digit of 716310?
3
What is the units digit of 1525934?
4
What is the tens digit of 147025?
2
What is the units digit of 8266811?
1
What is the hundred thousands digit of 1919218?
9
What is the thousands digit of 1007850?
7
What is the hundred thousands digit of 2833662?
8
What is the hundred thousands digit of 17266310?
2
What is the hundreds digit of 687006?
0
What is the thousands digit of 1060567?
0
What is the tens digit of 611852?
5
What is the hundreds digit of 817723?
7
What is the hundreds digit of 226330?
3
What is the units digit of 39621685?
5
What is the tens digit of 4760026?
2
What is the hundreds digit of 741197?
1
What is the hundred thousands digit of 849605?
8
What is the hundred thousands digit of 4246349?
2
What is the hundreds digit of 740426?
4
What is the units digit of 130899?
9
What is the units digit of 298500?
0
What is the thousands digit of 2311247?
1
What is the hundred thousands digit of 1772856?
7
What is the ten millions digit of 23922842?
2
What is the tens digit of 973019?
1
What is the hundred thousands digit of 15212229?
2
What is the millions digit of 21588